
3
Let f be 3/(-3) + (3 - 0). Let c be (-4)/f - (-3)/1. What is the units digit of (14 - -3) + c + -3?
5
Let f be (-96)/(-20) - (-2)/10. Suppose f*z + n = 140, -4*z + n = 4*n - 123. What is the tens digit of z?
2
Let n(l) = 2*l + 9. Let t be n(-6). What is the units digit of (-1)/((9/33)/t)?
1
Let n be 1/4 - (-35)/20. Suppose -m = -n*m + 7. What is the units digit of m?
7
What is the units digit of 286 + (-4 - (-2)/1)?
4
Suppose -y + 6*y - 10 = 0. Suppose g = -3*i + 10, -3*i + 11 = 4*g - y*g. What is the units digit of (g/2)/((-2)/(-20))?
5
Let w = 10 + -7. Let m(d) = -d + 4. Let t be m(-8). Let f = t - w. What is the units digit of f?
9
Suppose 5*u + 16 = -4*t, u + t + 2 = -2. What is the units digit of 76/4 - (-1 + u)?
0
Let w be ((-72)/(-6))/((-4)/6). Let l be (5/2)/((-9)/w). Suppose l*i - 100 + 35 = 0. What is the units digit of i?
3
Suppose 4*n - n - 45 = 0. Suppose 2*j - j = n. What is the tens digit of j?
1
Let n be (-128)/(-22) + 10/55. Let h be 2/(-4) + (-5)/2. Let d = n + h. What is the units digit of d?
3
Let g = -16 - -62. What is the tens digit of g?
4
Suppose -b = -5*y - 2, -b - y = -2*b + 2. What is the units digit of (1 - -2)/(b/6)?
9
Suppose 2*k - x = 285, 3*k - 408 = -0*k - 5*x. What is the units digit of k?
1
Suppose 0 = -2*w - 0*w + 56. Suppose 32 + w = 5*b. Suppose -o - 3*o = -b. What is the units digit of o?
3
Let i(j) = -j**2 + 12*j. Let n be i(12). Suppose 2*o = -5*r - o, n = -2*o - 10. What is the units digit of r?
3
Let f(u) = u**3 + 17*u**2 - 19*u + 5. What is the tens digit of f(-18)?
2
Suppose 0 = -v - 2 - 0. What is the units digit of (-156)/(-18) - v/6?
9
Let r(n) = n**3 - 2*n**2 - 3*n + 8. Let h be r(2). Let z(m) be the second derivative of m**4/12 + m**3/3 + m**2/2 - m. What is the units digit of z(h)?
9
Let n(b) = b**2 + 7*b. Let j be n(-8). Suppose 4*f + 0 = j. What is the units digit of f?
2
Let h(v) be the second derivative of -v**4/12 - v**3 + v**2 - 3*v. Let y be -9 + (0 - -2) + 2. What is the units digit of h(y)?
7
Let y(l) = -l**2 + 11*l - 6. What is the units digit of y(9)?
2
Let k be (-35 - -6) + (0 - -2). Let g = 17 - k. What is the units digit of g?
4
Let h = 5 - -26. What is the units digit of h?
1
Suppose 4*f - 7*f + 114 = 0. What is the units digit of f?
8
Let j(c) = -c**3 + 15*c**2 - 16*c + 3. What is the units digit of j(13)?
3
Suppose 2*s + 14 - 158 = -5*u, -4*s = u - 36. Let c = 39 - u. Suppose h = -0*h + c. What is the tens digit of h?
1
Let n(s) = s**2 - 17*s - 26. Let u be n(18). Let l = u - -35. What is the tens digit of l?
2
Let i(z) = 2*z. Let u be i(2). Suppose 19 = -3*f + 4*m + 49, -3*f = 5*m - 57. What is the units digit of u/(-14) + 228/f?
6
Suppose -5*v + 53 = 3. What is the tens digit of v?
1
Suppose 4*r - 33 = r. What is the units digit of r?
1
Suppose 12 = 2*b - 3*b. What is the tens digit of (1 - 13)*27/b?
2
Let t(k) = -11*k**3 + 21*k**2 + 2*k - 21. Let a(n) = 5*n**3 - 10*n**2 - n + 10. Let p(s) = -9*a(s) - 4*t(s). What is the units digit of p(5)?
4
Let z = 28 - -38. What is the units digit of z?
6
Let l(h) = -h**3 + 20*h**2 - 15*h - 42. What is the tens digit of l(19)?
3
Suppose 10*w + 11 = 231. What is the tens digit of w?
2
Suppose 0 = 6*d - 3*d - 6. Let q(v) = -d + v - 3*v - 6*v. What is the units digit of q(-2)?
4
Let m(l) = -l**2 + 53. What is the tens digit of m(0)?
5
Suppose 3*j = -2*j + 175. What is the units digit of j?
5
Let k = -5 + 9. Suppose -k*o + 8 = 2*r, -r = 2*r + 12. Let s = o - -5. What is the units digit of s?
9
Let f(r) be the third derivative of 7*r**4/24 + r**3/3 - 2*r**2. What is the units digit of f(2)?
6
Let o = 80 - 57. What is the units digit of o?
3
Suppose -2*m + 58 = -4*g, -7*g + 2*g = 20. Suppose -5*u = 5*y - 50, -m = 5*u + 3*y - 71. What is the units digit of u/(-15) + 88/6?
4
Suppose -3*n - 4*m = -105, 0 = -4*n + 2*m + 141 + 21. What is the tens digit of n?
3
Let q(i) = -i - 8. Let u be q(-7). What is the units digit of (-2)/u - (-2 + 0)?
4
Suppose 6*b - 2*b - 16 = 0. Suppose -34 = -3*y - b*j, -4*j + 2*j + 44 = 3*y. What is the tens digit of y?
1
Suppose -l - 70 = -3*l. Let p = l - 25. What is the units digit of p?
0
What is the units digit of -22*(-12)/8 + (1 - 2)?
2
Suppose 0*b + 4*b = 1124. Suppose -4*n = -b + 73. Let w = n + -35. What is the tens digit of w?
1
Let h be ((-5)/(-3))/((-2)/(-6)). Suppose 0 = -5*b + f - 4, 4*b + 4*f - 3*f = 4. Suppose o - 5*i + 18 = b, h*o + 2*i - 5*i = -2. What is the units digit of o?
2
Let f = -6 + 48. Suppose o - 2*c = 2*o - 7, -f = -4*o - c. What is the units digit of o?
1
What is the tens digit of 11/(-1)*(3 - 5)?
2
Let q be (-75)/10*(-4)/3. Suppose -i - i + q = 0, 5*g + 3*i = 15. Suppose 4*f = -0*y + 2*y + 24, g = -5*f + 2*y + 31. What is the units digit of f?
7
Let j(l) = l**2 - l - 19. What is the units digit of j(-9)?
1
Let c = -28 + 1. Let n = 38 + c. What is the units digit of n?
1
Let y = -28 + 95. Let v = 103 - y. What is the units digit of v?
6
Suppose -3*l + 2 = -2*l. Suppose -l*q - 32 = 2*q. Let x = q - -14. What is the units digit of x?
6
Let k(r) = r**3 + 6*r**2 + 4*r - 1. Let u be k(-5). Suppose 34 - 90 = -u*o. What is the tens digit of o?
1
Let q = -4 + 6. Suppose -f = q*r - 72, 0*f - 16 = -4*f. What is the tens digit of r?
3
Let d be 2*(-3)/3*-1. Suppose 2*w + 23 = 5*a, 0 = 3*a + 3*w + 1 + d. What is the units digit of 3*(a + (0 - 2))?
3
Let k be ((-3)/6)/(1/(-8)). What is the units digit of 1/(10/k)*25?
0
Let d(c) = -c - 8. Let l be d(7). Let k = l + 24. Suppose 5*f - 1 = k. What is the units digit of f?
2
Let b be 0/(-3*(-4)/6). Let g(u) = 26*u + 12 - 27*u - 4. What is the units digit of g(b)?
8
Let z(l) = l**2 + 2*l + 3. Suppose -2*g - x - 8 = 0, 2*g - 5*x - 2 = 14. Let s be z(g). Suppose -2*w = -s*w + 5. What is the units digit of w?
5
Let i(t) = 2*t - 1. Let p(g) = -g + 1. Let x(v) = 6*i(v) + 11*p(v). Suppose -2 - 7 = 3*w. What is the units digit of x(w)?
2
Let c be (-2)/(-2) + 12/(-2). What is the units digit of 2/(-10) + (-26)/c?
5
Suppose -m - 26 = 5*y - 3*m, -2*m = 4*y + 10. What is the units digit of 4 - ((y - -3) + 0)?
5
Suppose l - 55 = 4*m, 0 = 5*l + 35 - 10. Let q be 4/((-12)/m) + -1. Let h = q + 1. What is the units digit of h?
5
Let t = 24 + -17. Let q = -11 + t. What is the units digit of (2/q)/(4/(-56))?
7
Suppose 11 = c + 3*b, 0*b = c + 2*b - 7. Let n(p) = 28*p**2. What is the units digit of n(c)?
8
Suppose 321 + 71 = 2*b. What is the tens digit of b?
9
Let w(j) = j**2 - 17*j - 17. What is the units digit of w(18)?
1
Let v(p) = -3*p - 11. Let g be v(-5). Suppose 175 = 9*d - g*d. What is the tens digit of d?
3
Suppose -2*z + 7*z - 20 = 0. Suppose -z*k + 3*k = -37. What is the tens digit of k?
3
Suppose 3*j - 99 = -3*a, 58 - 2 = 2*a - 3*j. What is the units digit of a?
1
Let f(s) = -s**3 - 5*s**2 - s - 13. What is the tens digit of f(-6)?
2
Let n(d) = d**2 - 5*d + 31. What is the tens digit of n(15)?
8
Let a(r) be the first derivative of -r**3/3 - 17*r**2/2 - 6*r + 8. What is the tens digit of a(-14)?
3
Suppose 5*k - 22 + 2 = 0. What is the units digit of k?
4
Let f = 82 + -26. What is the units digit of f/9 - (-4)/(-18)?
6
Let h be (64/40)/(4/10). Let k(i) = i**3 - 6*i + 7*i**2 - 3*i**3 - 1 - 3*i**3 + h*i**3. What is the units digit of k(5)?
9
Let i be (-5 - -3) + (2 - 0). Suppose -w + 6*m - 3*m = 2, -4*w - m + 18 = i. What is the units digit of 1/((-1)/w)*-2?
8
Let t = 98 - 59. Suppose -5*b + t = -c, 5*b + 0*b = 2*c + 38. What is the units digit of b?
8
Let l(r) = -r + 5. Suppose -4*i + 28 = a, 3*i + 1 = 2*a - 0. Let y be l(a). What is the units digit of (0 - -6) + 2 + y?
5
Suppose 0 = -b - 1 + 6. What is the units digit of b?
5
Let a(m) = 20*m**3 + 4*m**2 - 4*m + 2. Let t be a(2). Let v = -110 + t. Suppose -v = -7*j + 4*j. What is the units digit of j?
0
Let i = 26 + 0. What is the tens digit of i?
2
Let b(n) = -5*n + 6. What is the units digit of b(-13)?
1
Let q(y) = y**3 + 12*y**2 + 9*y - 10. Let u(m) = -5*m - 1. Let p be u(2). What is the units digit of q(p)?
2
Let h = 200 + 38. What is the units digit of h?
8
Suppose -5*s + 790 = 3*v, -4*s + 3*s + 3*v + 158 = 0. What is the units digit of s?
8
Suppose -5*s = 2*q + 252, -3*s + s - 92 = 3*q. Let u = s - -79. What is the units digit of u?
7
Let l = 52 - 21. What is the units digit of l?
1
Let b = -137 - -201. Wha